{"id":4348,"date":"2019-06-19T00:21:27","date_gmt":"2019-06-19T00:21:27","guid":{"rendered":"http:\/\/sersef.com\/index.php\/product\/motor-th132sb2-b5-rpm2890-3470-kw7-5-9-0-v230-400-230-460-hz50-60-marca-moto\/"},"modified":"2023-11-06T15:03:10","modified_gmt":"2023-11-06T21:03:10","slug":"motor-th132sb2-b5-rpm2890-3470-kw7-5-9-0-v230-400-230-460-hz50-60-marca-moto","status":"publish","type":"product","link":"https:\/\/www.sersef.com\/index.php\/producto\/motor-th132sb2-b5-rpm2890-3470-kw7-5-9-0-v230-400-230-460-hz50-60-marca-moto\/","title":{"rendered":"MOTOR TH132SB2\/B5 RPM=2890\/3470 KW=7.5\/9.0 V=230\/400\/230\/460 HZ=50\/60 MARCA MOTOVARIO"},"content":{"rendered":"","protected":false},"excerpt":{"rendered":"<h2 style=\"text-align: left\"><strong>41202210<\/strong><\/h2>\n<p style=\"text-align: left\"><strong><span style=\"font-size: 18.0pt;color: red\">Articulo obsoleto\u00a0<\/span><\/strong><span style=\"font-size: 18.0pt;color: red\"><span style=\"color: #000000\">la serie <strong>TH<\/strong> ha dejado de ser producida debido a las regulaciones en materia energ\u00e9tica en la Uni\u00f3n Europea. Es necesario cambiar a una versi\u00f3n mas eficiente <strong>TP<\/strong>.<\/span><\/span><\/p>\n<h2 style=\"text-align: left\">Ver <a href=\"https:\/\/www.sersef.com\/index.php\/producto\/motor-tp132m2-b5-kw7-5-2p-ie3-230-400-265-460v-50-60hz-ip55-ie3-marca-motovario-2\/\"><span style=\"color: #666699\"><u>SKU 41202210P<\/u><\/span><\/a><\/h2>\n","protected":false},"featured_media":11771,"template":"","meta":{"_joinchat":[]},"product_brand":[],"product_cat":[5347],"product_tag":[],"class_list":{"0":"post-4348","1":"product","2":"type-product","3":"status-publish","4":"has-post-thumbnail","6":"product_cat-motores-a-dos-polos","7":"pa_articulo-motor","8":"pa_clasificacion-412-02","9":"pa_codigo-kk-2003","10":"pa_marca-motovario","11":"pa_pam-300-38","12":"pa_tamano-6618","13":"pa_tipo-th","15":"first","16":"onbackorder","17":"sale","18":"purchasable","19":"product-type-simple"},"_links":{"self":[{"href":"https:\/\/www.sersef.com\/index.php\/wp-json\/wp\/v2\/product\/4348","targetHints":{"allow":["GET"]}}],"collection":[{"href":"https:\/\/www.sersef.com\/index.php\/wp-json\/wp\/v2\/product"}],"about":[{"href":"https:\/\/www.sersef.com\/index.php\/wp-json\/wp\/v2\/types\/product"}],"wp:featuredmedia":[{"embeddable":true,"href":"https:\/\/www.sersef.com\/index.php\/wp-json\/wp\/v2\/media\/11771"}],"wp:attachment":[{"href":"https:\/\/www.sersef.com\/index.php\/wp-json\/wp\/v2\/media?parent=4348"}],"wp:term":[{"taxonomy":"product_brand","embeddable":true,"href":"https:\/\/www.sersef.com\/index.php\/wp-json\/wp\/v2\/product_brand?post=4348"},{"taxonomy":"product_cat","embeddable":true,"href":"https:\/\/www.sersef.com\/index.php\/wp-json\/wp\/v2\/product_cat?post=4348"},{"taxonomy":"product_tag","embeddable":true,"href":"https:\/\/www.sersef.com\/index.php\/wp-json\/wp\/v2\/product_tag?post=4348"}],"curies":[{"name":"wp","href":"https:\/\/api.w.org\/{rel}","templated":true}]}}